2 - 19*j - 15. Let a be f(-18). Suppose 2*l + 12 = 2*v, -2*v + 16 - 2 = -a*l. Let y(u) = 24*u**3 + 7*u**2 + 3*u - 3. Is y(v) a composite number?
False
Let w be ((-4)/9)/(2/(-9)). Let h(p) = 14*p**3 + 2*p. Let y be h(w). Suppose -114 = -r - 5*u, r - 2*u + 9 = y. Is r prime?
True
Let n be (43*1/(-2))/((-6)/(-408)). Let p = n - -353. Is (-6)/(-36) - p/6 composite?
True
Let k be 9 + 2 - (-5 - (2 - 6)). Let c be (1 - 10/k) + (-20661)/(-18). Suppose 10149 = 13*d - c. Is d a composite number?
True
Let u = -292 - -298. Suppose 11112 - 3540 = u*b. Is b prime?
False
Let q be 18/(-21) + -1*3/21. Is 1/(-4*q/8516) a prime number?
True
Let q(a) = -a**3 + 17*a**2 + 2*a - 37. Let k be q(17). Let u be 3*(k/(-6) + (-25)/(-30)). Is -4049*4*(-1)/u prime?
True
Let q(y) = 24*y**2 + 5*y - 4. Let i be q(-5). Suppose 3*o - 897 = 3*m, -3*o + 314 = -m - 5*o. Let k = i + m. Is k a prime number?
False
Is (35702877/(-46) + 2)/(5/(-2)) prime?
True
Let f(p) = p**2 - 46*p + 35. Let n(w) = -w**2 + 47*w - 34. Let d(x) = -5*f(x) - 4*n(x). Is d(20) prime?
True
Let f(k) be the second derivative of k**4/12 + 8*k**3/3 - 20*k**2 - 8*k. Let a be f(-18). Let v(w) = 20*w**2 + w - 9. Is v(a) prime?
True
Let n(d) = -10*d**2 - 4*d. Let z be n(6). Let b be z/4 - (-12)/3. Is (b/8)/(2/92*-1) composite?
True
Let x be (-2)/(-11) + (7499037/143 - 7). Suppose 5*l - t = x, 5*l + 2*t - 67378 = -14941. Is l composite?
False
Let v(z) = 11249*z**2 + 28*z - 80. Is v(3) a composite number?
True
Let v(g) = -124*g**2 - 7*g + 93683. Is v(0) prime?
True
Let x(y) = 60*y - 1349. Is x(66) a composite number?
True
Let v = 35 - 20. Let u = 20 - v. Suppose 0 = -u*o + 1204 + 51. Is o prime?
True
Let m(s) = -7*s**3 - 22*s**2 - 19*s - 23. Let i(g) = -20*g**3 - 67*g**2 - 58*g - 70. Let r(c) = -6*i(c) + 17*m(c). Is r(-18) a prime number?
True
Let x = 41224 - -117639. Is x prime?
True
Let j = 26981 - -27636. Is j a prime number?
True
Suppose 2*m = -5*o + 9, 0 = -3*o - 2*o - 4*m + 3. Suppose -o*p - 4*p = -2107. Is p composite?
True
Let y = 71511 + 643316. Is y composite?
False
Suppose -3*s - 2*x + 3855839 = 0, 4*s - 2919664 - 2221452 = -2*x. Is s a prime number?
False
Let u = 28037 + 58503. Suppose 13*q + 7*q - u = 0. Is q a composite number?
False
Let b(h) = -5719*h**3 - 3*h**2 - 2*h - 1. Is b(-2) prime?
False
Suppose 581 = -5*n - u, 0*u - 4*u + 484 = -4*n. Let l be (-4)/18 - 158795/n. Suppose -2*r = -3*r + l. Is r prime?
False
Let t(a) = a**2 - a**3 + 11 - 11*a + 2*a**2 + 32. Is t(-11) composite?
True
Suppose -19*u + 123 = 47. Suppose 3*k + u*n - 28745 = 0, 3*k = -k - n + 38344. Is k composite?
False
Let z(h) = -h + 14. Let v be z(11). Suppose -5*j + 0*f + 6335 = 4*f, -v*f = -3*j + 3801. Let k = j - -574. Is k a prime number?
False
Let k(u) = 4261*u + 21. Let f be k(9). Suppose 2*p + 4 = 0, -5*t + f = 6*p - p. Suppose -5*o + t = -o. Is o prime?
False
Let m be 0*((-1)/(-2) + 1/(-1)). Suppose m = 5*f + l - 12, 2*l + 2*l = -4*f. Suppose 0 = 8*v - 4*v + 5*p - 14592, -f*v = 3*p - 10947. Is v a composite number?
True
Let q(d) = -289*d**3 + 7*d**2 - 6*d - 16. Let g be q(-7). Suppose -7*t + g + 146869 = 0. Is t a composite number?
True
Let q = 271 - 265. Let a(i) = 27*i**3 - i**2 - 4*i - 17. Is a(q) a prime number?
False
Suppose 83*x - 50*x = 39*x - 673572. Is x prime?
False
Let p = -32 + 36. Let k be (-1895)/p + (-8)/32. Let d = k + 737. Is d a composite number?
False
Suppose -2*g + 37 = 3. Suppose g*p + 159401 = 60*p. Is p a composite number?
True
Let a(n) = 9*n**3 - 12*n**3 + 10*n**2 + 31 + 0*n**3 - 12 + 10*n. Let k be a(-8). Suppose 2*h + h - 1262 = -4*c, 5*c = 5*h - k. Is h a composite number?
True
Let w = 682 + -705. Is (w + 25)/((-4)/(-3702)) prime?
False
Let f be (-4)/14 + (-23)/(-7). Let o be (-20)/(-6) - 36/(-54). Suppose 0 = l - 3*l - o*p + 2402, -12 = -f*p. Is l a prime number?
True
Let c(z) = 164*z + 2878. Is c(77) composite?
True
Let x be 3/(-5) + 1 + (-54)/(-15). Suppose 4*z = -2*i - 1 - 5, 0 = x*i + 20. Is (-293)/(1*(0 - z)) composite?
False
Let h(w) = -6*w + 193. Let o be h(32). Is ((-132401)/(-217))/(o/7) a prime number?
True
Is 388794 + -2*(-70)/(-28) a prime number?
True
Let h(l) = -607*l**3 - 3*l**2 + 21*l + 51. Is h(-2) a composite number?
True
Let d(k) = -142*k - 59. Let m(i) = i**2 + 11*i + 14. Let h be m(-8). Is d(h) a composite number?
False
Let v(k) = 48050*k - 5155. Is v(7) prime?
False
Let t(n) = 6*n + 76. Let w be t(-6). Suppose 0 = -3*b - 4*z + 127, 4*z - 78 = -2*b + 3*z. Suppose -753 = -w*j + b*j. Is j composite?
False
Let r be 4 - (756/(-14))/((-3)/(-444)). Let q = r - 3213. Is q a prime number?
True
Suppose 53*u + 5*u = 15*u + 627671. Is u composite?
True
Let i be (-122)/18 + (-10)/45. Let h(k) be the first derivative of -27*k**2/2 - 10*k - 13. Is h(i) composite?
False
Suppose 15 = 8*n - 9. Suppose 0 = -n*t + 5*i - 342 + 1400, 5*t = -3*i + 1718. Let o = 1313 - t. Is o a prime number?
True
Let g = -792763 - -1447860. Is g a composite number?
True
Let p(y) = -23814*y**3 - y**2 - y. Let h be p(-1). Let r = -13891 + h. Let d = -4050 + r. Is d a prime number?
False
Suppose 0 = 4*r - 5*d - 300721 + 35012, 0 = 3*r - 5*d - 199288. Is r a prime number?
False
Is 8 + (-2 - -6 - 16) + 120422 prime?
False
Suppose -59*p + 9110 = -69*p. Let l = 34404 + p. Is l prime?
True
Let t = 311 - 307. Let a = 129 + -225. Is (t/10)/(a/80)*-4431 composite?
True
Suppose -2*l + 2 = -j, -j + 3*l - 1 = 3. Suppose -5*q + 4*s + 4005 = 0, -j*s = 6*q - q - 3975. Is q a prime number?
True
Let o = 4517 - 4406. Is o a composite number?
True
Let l be 0/((-5)/((-25)/5)). Is l + ((-18591)/(-3))/1 a composite number?
False
Let q(l) = 534*l**2 - 3018*l - 1. Is q(-6) prime?
False
Suppose 0 = 433*m - 165632122 - 965061. Is m a prime number?
True
Suppose q + 2*j = 23, 4*q - j - 68 = -3*j. Suppose 7*u = 4*u - q, -5*w = 4*u - 30. Is 114*2/w + (-4)/5 prime?
False
Is -4201*(-33 - 2*(-9 + 7)) a composite number?
True
Suppose 2*z + 11*g - 40 = 7*g, -z = 3*g - 23. Suppose b = -11 + z. Suppose 4*y = -b*s + 4159, 2*s - 4*s - y + 2781 = 0. Is s a prime number?
False
Let m(t) = -17*t + 13. Let f be m(-15). Suppose -7*s + 5*s = -f. Suppose -2*n + s = -0*n. Is n a prime number?
True
Let c(a) be the first derivative of 77*a**3/3 - 15*a**2/2 + 7*a - 26. Let k be c(7). Suppose 0 = b - 4*t - 0*t - k, -b - 5*t + 3711 = 0. Is b prime?
True
Let w = -57 + 69. Is 1/3 + 3224/w a prime number?
True
Suppose 0 = 5*h - 3*d - 15476, -25*h + d + 15482 = -20*h. Is h a composite number?
True
Let b = 144438 - -21779. Is b a composite number?
True
Suppose -446*r - 16 = -448*r. Is -4*22948/r*(-4)/8 composite?
False
Let z(x) = 7389*x + 1168. Is z(5) composite?
False
Let x = 3412 + -1934. Let f = 3811 - x. Is f a prime number?
True
Let y(a) = -a**3 + 4*a**2 - 9*a + 8. Suppose -36 = -4*t + 2*u, -3*t + 4*u = -4*t. Let w be y(t). Is 2 + -4 + w/(-2) a composite number?
True
Suppose -7 = q + 6*q. Let h be (-1)/4 - ((-13)/4 - q). Suppose 182 + 192 = h*m. Is m composite?
True
Let f = -1247 + 691. Is f/(-139) + 4733/(-2)*-6 a prime number?
False
Let k = -38 + 62. Let v = -25 + k. Is v/5 + 4256/5 prime?
False
Suppose 10*r = -108*r + 2918494. Is r a composite number?
False
Let x(y) = 45*y**2 + 8*y - 19. Suppose 2*u - 8 = -10, 4*q = -2*u + 38. Is x(q) composite?
False
Let d(p) = -936871*p - 1454. Is d(-1) prime?
False
Is (11383401/236)/(6/8) a composite number?
True
Suppose -4*w + 2572 = -732. Suppose 0 = -12*d + 5*d + w. Is d a prime number?
False
Suppose 33*b - 150296 = -100318 + 158945. Is b a composite number?
True
Suppose -971 = 4*a + 3*j, 36 - 260 = a - 3*j. Let k = a - -599. Let u = 571 - k. Is u composite?
False
Let p be (-96)/336*(-17 + 1 - -2). Is -79*(-66 + (3 - p)) a composite number?
True
Let q(i) = i**2 + 14*i + 23. Let b be q(0). Is (1 - 7)/((-46)/b) + 4832 composite?
True
Suppose 1381*j - 5*o = 1384*j - 407092, -3*j - o = -407096. Is j composite?
True
Let c be (-4)/(-10) + (-32280)/(-50) + 5. Let w(p) = 6*p**3 - p - 2. Let o be w(2). Let x = o + c. Is x prime?
False
Let n = -11588 - -20117. Let o = 13096 - n. Is o composite?
False
Let z(w) = 14*w**3 + 10*w**2 - 2*w - 5. Let v = -40 - -44. Is z(v) composite?
True
Let n(g) = g**3 - 27*g**2 - 26*g - 51. Let i be n(28). Is (i + -3 + (-35)/15)*-12147 composite?
False
Let w(d) = -2*d**3 - 13*d**2 - 35*d - 7. Let v be w(